{"id":51,"date":"2014-12-29T20:44:41","date_gmt":"2014-12-29T23:44:41","guid":{"rendered":"http:\/\/norbertocefetsc.pro.br\/elm\/?page_id=51"},"modified":"2026-02-22T18:23:56","modified_gmt":"2026-02-22T20:23:56","slug":"manutencao-2","status":"publish","type":"page","link":"https:\/\/norbertomoro.pro.br\/?page_id=51","title":{"rendered":"Manuten\u00e7\u00e3o"},"content":{"rendered":"\n<p><strong><span style=\"font-size: inherit;\">Plano de ensino:<\/span><\/strong><\/p>\n\n\n\n<p><a href=\"http:\/\/norbertomoro.pro.br\/elm\/wp-content\/uploads\/2014\/12\/ProIn-IV-GMN-1010421-1010431-Plano-de-ensino-2014-2.pdf\">Plano de Ensino<\/a><\/p>\n\n\n\n<p><strong>Apostilas:<\/strong><\/p>\n\n\n\n<p><a href=\"https:\/\/norbertomoro.pro.br\/wp-content\/uploads\/2024\/06\/Apostila-Gestao-da-Manutencao-IFSC.pdf\">Apostila Gest\u00e3o da Manuten\u00e7\u00e3o IFSC<\/a><\/p>\n\n\n\n<p><a title=\"Anexo I\" href=\"\/downloads\/anexoi.pdf\">Anexo I &#8211; <\/a>Implementa\u00e7\u00e3o da TPM no setor de estamparia na f\u00e1brica da Volkswagen em Taubat\u00e9.<\/p>\n\n\n\n<p><a title=\"Anexo II\" href=\"\/downloads\/anexoii.pdf\">Anexo II &#8211; <\/a>Modos de falha e confiabilidade.<\/p>\n\n\n\n<p><strong>PDCA na Manuten\u00e7\u00e3o:<\/strong><\/p>\n\n\n\n<p><a href=\"https:\/\/norbertomoro.pro.br\/wp-content\/uploads\/2014\/12\/PDCA-NA-GEST\u00c3O-DA-MANUTEN\u00c7\u00c3O.pdf\">PDCA NA GEST\u00c3O DA MANUTEN\u00c7\u00c3O<\/a><\/p>\n\n\n\n<p><strong>Gest\u00e3o Eficaz de Manuten\u00e7\u00e3o:<\/strong><\/p>\n\n\n<p><iframe loading=\"lazy\" title=\"Gest\u00e3o Eficaz - Gest\u00e3o da Manuten\u00e7\u00e3o\" width=\"720\" height=\"540\" src=\"https:\/\/www.youtube.com\/embed\/67Gw8Ju9Ddc?feature=oembed\" frameborder=\"0\" allow=\"accelerometer; autoplay; clipboard-write; encrypted-media; gyroscope; picture-in-picture; web-share\" referrerpolicy=\"strict-origin-when-cross-origin\" allowfullscreen><\/iframe><\/p>\n\n\n\n<p><\/p>\n\n\n\n<p>DICAS DE SITES PARA MAIS INFORMA\u00c7\u00c3O:<\/p>\n\n\n<figure class=\"wp-block-embed-wordpress wp-block-embed is-type-wp-embed is-provider-engeteles-engenharia-de-manutencao\">\n<div class=\"wp-block-embed__wrapper\">https:\/\/engeteles.com.br\/manutencao-corretiva\/<\/div>\n<\/figure>\n<figure class=\"wp-block-embed-wordpress wp-block-embed is-type-wp-embed is-provider-engeteles-engenharia-de-manutencao\">\n<div class=\"wp-block-embed__wrapper\">https:\/\/engeteles.com.br\/o-que-e-manutencao-preventiva\/<\/div>\n<\/figure>\n<figure class=\"wp-block-embed-wordpress wp-block-embed is-type-wp-embed is-provider-engeteles-engenharia-de-manutencao\">\n<div class=\"wp-block-embed__wrapper\">https:\/\/engeteles.com.br\/manutencao-preditiva\/<\/div>\n<\/figure>\n\n\n<p><\/p>\n","protected":false},"excerpt":{"rendered":"<p>Plano de ensino: Plano de Ensino Apostilas: Apostila Gest\u00e3o da Manuten\u00e7\u00e3o IFSC Anexo I &#8211; Implementa\u00e7\u00e3o da TPM no setor de estamparia na f\u00e1brica da Volkswagen em Taubat\u00e9. Anexo II &#8211; Modos de falha e confiabilidade. PDCA na Manuten\u00e7\u00e3o: PDCA<\/p>\n","protected":false},"author":1,"featured_media":0,"parent":7,"menu_order":0,"comment_status":"closed","ping_status":"closed","template":"","meta":{"footnotes":""},"class_list":["post-51","page","type-page","status-publish","hentry"],"_links":{"self":[{"href":"https:\/\/norbertomoro.pro.br\/index.php?rest_route=\/wp\/v2\/pages\/51","targetHints":{"allow":["GET"]}}],"collection":[{"href":"https:\/\/norbertomoro.pro.br\/index.php?rest_route=\/wp\/v2\/pages"}],"about":[{"href":"https:\/\/norbertomoro.pro.br\/index.php?rest_route=\/wp\/v2\/types\/page"}],"author":[{"embeddable":true,"href":"https:\/\/norbertomoro.pro.br\/index.php?rest_route=\/wp\/v2\/users\/1"}],"replies":[{"embeddable":true,"href":"https:\/\/norbertomoro.pro.br\/index.php?rest_route=%2Fwp%2Fv2%2Fcomments&post=51"}],"version-history":[{"count":30,"href":"https:\/\/norbertomoro.pro.br\/index.php?rest_route=\/wp\/v2\/pages\/51\/revisions"}],"predecessor-version":[{"id":304,"href":"https:\/\/norbertomoro.pro.br\/index.php?rest_route=\/wp\/v2\/pages\/51\/revisions\/304"}],"up":[{"embeddable":true,"href":"https:\/\/norbertomoro.pro.br\/index.php?rest_route=\/wp\/v2\/pages\/7"}],"wp:attachment":[{"href":"https:\/\/norbertomoro.pro.br\/index.php?rest_route=%2Fwp%2Fv2%2Fmedia&parent=51"}],"curies":[{"name":"wp","href":"https:\/\/api.w.org\/{rel}","templated":true}]}}